{"id":1143,"date":"2019-09-20T11:32:46","date_gmt":"2019-09-20T09:32:46","guid":{"rendered":"http:\/\/www.redies.com\/web\/?page_id=1143"},"modified":"2019-09-20T12:41:01","modified_gmt":"2019-09-20T10:41:01","slug":"buch-kupferdrahtziehen-herstellung-von-runden-kupferdraehten-fuer-die-kabelindustrie","status":"publish","type":"page","link":"https:\/\/www.redies.com\/web\/buch-kupferdrahtziehen-herstellung-von-runden-kupferdraehten-fuer-die-kabelindustrie\/","title":{"rendered":"Buch: Kupferdrahtziehen &#8211; Herstellung von runden Kupferdr\u00e4hten f\u00fcr die Kabelindustrie"},"content":{"rendered":"<p><strong>Buchbeschreibung<br \/>\r\n<\/strong><br \/>\r\nNach seinem ersten Buch mit dem Titel \u201cProzessanalyse Doppelschlagverlitzen\u201c besch\u00e4ftigt sich der Autor in seinem zweiten Werk nunmehr mit dem Thema \u201e<strong>Kupferdrahtziehen &#8211; Herstellung von runden Kupferdr\u00e4hten f\u00fcr die Kabelindustrie<\/strong>\u201c.<br \/>\r\nAuf \u00fcber 180 Seiten mit mehr als 100 Bildern vermittelt er mit einfachen Worten das Grundlagenwissen zum industriellen Kupferdrahtziehen. Dabei besch\u00e4ftigt er sich ausf\u00fchrlich mit den vier Kernthemen des Kupferdrahtziehens: Maschine, Draht, Ziehsteine und K\u00fchlschmierstoff.<br \/>\r\nSeine in \u00fcber 25 Jahren gesammelte Erfahrungen als Leiter einer Kupferdrahtzieherei finden nicht zuletzt Ausdruck im Kapitel \u201eSt\u00f6rungen beim Drahtziehen\u201c, in dem er ausf\u00fchrlich und praxisorientiert auf Fehlerm\u00f6glichkeiten bei Drahtziehen eingeht.<br \/>\r\nIn zahlreichen Tabellen stellt er technische Zusammenh\u00e4nge \u00fcbersichtlich dar. Themen wie zul\u00e4ssige Zugspannung am laufenden Draht, die AWG-Drahtlehre sowie Zugkrafterh\u00f6hung durch Umlenkung runden das Werk ab.<br \/>\r\nMit 29 einfachen Formeln, die f\u00fcr den Taschenrechner geeignet sind, und anhand von 16 ausf\u00fchrlichen Rechenbeispielen zeigt er die notwendigen Berechnungsgrundlagen rund um das Drahtziehen.<br \/>\r\nDas Buch schlie\u00dft eine L\u00fccke in der Fachliteratur f\u00fcr Kupferverarbeitung und ist gleicherma\u00dfen f\u00fcr Einsteiger und erfahrenere Drahtzieher geeignet.<\/p>\r\n<p><strong><img loading=\"lazy\" decoding=\"async\" class=\"alignnone size-full wp-image-1155 border1pxgrey\" src=\"https:\/\/www.redies.com\/web\/wp-content\/uploads\/2019\/09\/kupferdrahtziehen_mh_gross.jpg\" alt=\"\" width=\"300\" height=\"419\" srcset=\"https:\/\/www.redies.com\/web\/wp-content\/uploads\/2019\/09\/kupferdrahtziehen_mh_gross.jpg 300w, https:\/\/www.redies.com\/web\/wp-content\/uploads\/2019\/09\/kupferdrahtziehen_mh_gross-215x300.jpg 215w\" sizes=\"auto, (max-width: 300px) 100vw, 300px\" \/><br \/>\r\nISBN 978-3-00-061976-2<\/strong><\/p>\r\n<p>Das Buch kann nur beim Autor direkt bestellt werden.<br \/>\r\nPreis 169,- \u20ac plus Versandkosten<br \/>\r\n<a href=\"mailto:martin.herzog27@t-online.de\"><strong>martin.herzog27@t-online.de<\/strong><\/a><\/p>","protected":false},"excerpt":{"rendered":"Buchbeschreibung Nach seinem ersten Buch mit dem Titel \u201cProzessanalyse Doppelschlagverlitzen\u201c besch\u00e4ftigt sich der Autor in seinem zweiten Werk nunmehr mit dem Thema \u201eKupferdrahtziehen &#8211; Herstellung von runden Kupferdr\u00e4hten f\u00fcr die Kabelindustrie\u201c. Auf \u00fcber 180 Seiten mit mehr als 100 Bildern vermittelt er mit einfachen Worten das Grundlagenwissen zum industriellen Kupferdrahtziehen. Dabei besch\u00e4ftigt er sich ausf\u00fchrlich [&hellip;]","protected":false},"author":1,"featured_media":0,"parent":0,"menu_order":0,"comment_status":"closed","ping_status":"closed","template":"","meta":{"footnotes":""},"class_list":["post-1143","page","type-page","status-publish","hentry"],"_links":{"self":[{"href":"https:\/\/www.redies.com\/web\/wp-json\/wp\/v2\/pages\/1143","targetHints":{"allow":["GET"]}}],"collection":[{"href":"https:\/\/www.redies.com\/web\/wp-json\/wp\/v2\/pages"}],"about":[{"href":"https:\/\/www.redies.com\/web\/wp-json\/wp\/v2\/types\/page"}],"author":[{"embeddable":true,"href":"https:\/\/www.redies.com\/web\/wp-json\/wp\/v2\/users\/1"}],"replies":[{"embeddable":true,"href":"https:\/\/www.redies.com\/web\/wp-json\/wp\/v2\/comments?post=1143"}],"version-history":[{"count":3,"href":"https:\/\/www.redies.com\/web\/wp-json\/wp\/v2\/pages\/1143\/revisions"}],"predecessor-version":[{"id":1156,"href":"https:\/\/www.redies.com\/web\/wp-json\/wp\/v2\/pages\/1143\/revisions\/1156"}],"wp:attachment":[{"href":"https:\/\/www.redies.com\/web\/wp-json\/wp\/v2\/media?parent=1143"}],"curies":[{"name":"wp","href":"https:\/\/api.w.org\/{rel}","templated":true}]}}